d by 12?
11
Let b(p) = 6*p - 5 - 6*p**2 + 0*p**2 + 11*p**3 + 2 + 2*p**2 - 2. Suppose 4 = -h, 2*t - 37 = h + 23. Calculate the remainder when b(2) is divided by t.
23
Let w = 3441 - 2782. Calculate the remainder when w is divided by 651.
8
Let u = 36 - 32. Suppose u*z + q - 32 = 0, 2*q - 4*q = -8. Let y = 283 - 263. What is the remainder when y is divided by z?
6
Let q(l) = -l**3 + 6*l**2 + l. Let m = -7067 + 7070. Calculate the remainder when q(6) is divided by m.
0
Let c(r) = r**3 - 15*r**2 + 7*r + 11. Suppose -3*j + 10 = -j, 3*o - 5*j - 281 = 0. Let l = o + -87. Calculate the remainder when c(l) is divided by 17.
14
Let c = 107 - 255. Let d = 205 + c. Calculate the remainder when d is divided by 22.
13
Calculate the remainder when 16/(-4) + 2137 + 10 is divided by 39.
37
What is the remainder when 658 - ((-40)/100 + 18/(-80))*-8 is divided by 477?
176
Let z be 30 - 21 - 12/2. Suppose 3*v = -v - z*h + 48, 0 = -3*h - 12. Suppose 2 = 4*q - 106. What is the remainder when q is divided by v?
12
Suppose -20*u - 20*y + 25*y + 495 = 0, 0 = 4*u - 3*y - 89. What is the remainder when 132 is divided by u?
2
Let b(j) = 6*j**2 - 3*j + 6. Let f be (-6 - -7)*8 + -2. Calculate the remainder when b(f) is divided by 70.
64
Let f = 162 + 3342. Suppose 0 = 31*l - 7*l - f. Calculate the remainder when l is divided by 38.
32
Suppose -q = 2*q + 5*j - 929, -q + j + 307 = 0. What is the remainder when q is divided by (2/(20/(-2)))/((-12)/4740)?
71
Let i(y) = 7*y**2 + 33*y + 12. Let a be i(-10). Let h = 410 - a. Let m(p) = 2*p**2 - p. Calculate the remainder when h is divided by m(3).
13
Let l = 8042 - 4966. What is the remainder when l/32 + 5/(-40) is divided by 7?
5
Let h = 468955 + -468683. Let r = 67 + 2. Calculate the remainder when h is divided by r.
65
Let b(o) = 7304*o**2 - 192*o - 190. Calculate the remainder when b(-1) is divided by 39.
13
Let m(n) = -n + 1. Let p(v) = -57*v + 3. Let a(u) = 9*m(u) + p(u). Calculate the remainder when 1234 is divided by a(0).
10
Let r = 392 - 367. What is the remainder when 69 is divided by r?
19
Let u = -119 - -218. Let g be 1 + 1 + (4 + -6 - -4). Suppose 3*h - 1 = x + g, 2*x - 5*h = -5. What is the remainder when u is divided by x?
9
Suppose -w + 0 = -5. Let t(i) = -i**2 - 10*i - 5. Let b be t(-3). Suppose 11*n = b*n - 60. Calculate the remainder when n is divided by w.
2
Suppose 14*y - 66 = 8*y. Let a = 4 - y. Calculate the remainder when 6 is divided by ((-12)/21)/(1/a).
2
Let j be 1114*(-4)/(32/(-4)). Suppose -1327 = 4*z + j. Let r = -327 - z. What is the remainder when r is divided by 37?
33
Suppose -231 = 3*s - 0*s. Let c = s + 77. Suppose 2*w + 4*w - 138 = c. Calculate the remainder when 90 is divided by w.
21
Suppose -5*j = 2*k - 2898, -k = -j - 3*k + 586. Let r = j + -503. Calculate the remainder when r is divided by 7.
5
Let a = -77424 - -77451. Suppose 0*k - 424 = -4*k. Calculate the remainder when k is divided by a.
25
Let x = 3092 + -3062. What is the remainder when 157 is divided by x?
7
Suppose -3*h = 2*j - 15 - 3, 4*j - 5*h - 14 = 0. Calculate the remainder when 55 is divided by j.
1
Suppose 3724 = -15*n + 22*n. Suppose -32*j - n = -4*z - 37*j, 0 = -3*z - 2*j + 399. What is the remainder when z is divided by 31?
9
Let l(s) = -23*s**3 - 7*s**2 - 2*s + 14. Let f be l(-4). Suppose 31*u = -4*w + 33*u + 5568, -f = -w - 2*u. Calculate the remainder when w is divided by 87.
85
Suppose 114*p + 46*p = 47*p + 2486. What is the remainder when 2848 is divided by p?
10
Let z(t) = t**3 - 12*t**2 - 128*t - 1. Calculate the remainder when z(20) is divided by 28.
23
Suppose u + 2*u = -2*c + 32, c - 1 = 0. Suppose -u = -d + 4. What is the remainder when d is divided by 164/20 - 7/35?
6
Let x(v) = -49*v + 106. What is the remainder when 1479 is divided by x(0)?
101
Let x = 825 - 687. Calculate the remainder when 475 is divided by x.
61
Suppose -4*w + 29 = 17. Suppose -w*l - 5*z + 3*z + 51 = 0, l = -2*z + 21. Calculate the remainder when l/5 + 58*3 is divided by 36.
33
Let c = 497 - 502. What is the remainder when 318/c*(-60)/36 is divided by 30?
16
What is the remainder when 8/16*(-279530)/(-8) - (-15)/40 is divided by 48?
47
Suppose 0 = -40*r + 8678 - 878. Calculate the remainder when r is divided by 192.
3
Calculate the remainder when 6/(-3)*670/(-4) is divided by (0 - (-4)/8)/(28/3136).
55
Let y = -2442 - -2473. Calculate the remainder when 1733 is divided by y.
28
Suppose 348 - 1238 = -5*f. Let y = f - 89. Suppose -176 = -5*x + y. What is the remainder when x is divided by 11?
9
Let v = -1302 - -918. Calculate the remainder when 129 is divided by 6/21 - (v/28 + 4).
9
Suppose -122 = -3*h - 92. Let l = -240 + 358. Calculate the remainder when l is divided by h.
8
Suppose 0 = 5*j + 477*y - 479*y - 38558, 5*j - 38582 = -2*y. What is the remainder when j is divided by 22?
14
Let m = -26 + 35. Let p be (-6)/21 - 8292/(-14). Suppose 0 = -3*c - 12, 5*t - 9*t = 3*c - p. Calculate the remainder when t is divided by m.
7
Suppose 5420 = -28*n - 4548. Let t = -87 - n. What is the remainder when t is divided by 30?
29
Suppose 0 = -98*m + 2*m + 9408. Suppose -2*r - 48 = -5*d, -4*r = 3*d - r - 33. What is the remainder when m is divided by d?
8
Let f = 5067 - 5055. Calculate the remainder when 2290 is divided by f.
10
Suppose 2*r - 1497 = -5*s, 5*r + 12*s - 966 = 2774. Calculate the remainder when r is divided by 14.
8
Let k be -8 + (1/(-1) - -15). Let s(n) = 35*n - 99. What is the remainder when s(k) is divided by 39?
33
Calculate the remainder when 12 is divided by ((-64)/6)/(-4) - (-336)/252.
0
Suppose -5*h + 4 = -2*i + 74, -i + 3*h + 36 = 0. What is the remainder when ((-13)/(-5))/(33/1485) is divided by i?
27
Suppose -80*o + 5544 = -87*o. Let w = -530 - o. Calculate the remainder when w is divided by 22.
20
Let h(j) = 21*j + 766. Calculate the remainder when 10502 is divided by h(-34).
50
Suppose -d + 4*j = -227, -3*d + 4*j + 186 = -495. Suppose -4*v = 2278*w - 2282*w + 344, v + 240 = 3*w. What is the remainder when d is divided by w?
73
Suppose 19*n + 24 = 15*n. Let s(m) = -9*m + 7. What is the remainder when s(n) is divided by 11?
6
Suppose 148*w - 40014 = -123*w + 24*w. Calculate the remainder when 604 is divided by w.
118
Suppose 483*m - 525*m + 434274 = 56904. Calculate the remainder when m is divided by 12.
9
Suppose 3*i - 56 = 64. Suppose -4*r = -0*r - i. Suppose r*g - 693 = -g. Calculate the remainder when g is divided by 6.
3
Suppose -4*v + 32 = -4. Let d(f) be the third derivative of -f**4/2 - 11*f**3/2 - 49*f**2. What is the remainder when d(-4) is divided by v?
6
Let v(l) = -2*l**2 + 27*l + 140. Let p be v(17). Let y(t) = -t**3 + 18*t**2 + 68*t + 69. What is the remainder when y(p) is divided by (-3)/(3/(-2))*8?
14
Suppose o = -2*a + 72, 0*o + o + 4*a - 76 = 0. Let c(q) = -q + 0*q - 26 - 13 + 80. What is the remainder when o is divided by c(6)?
33
Suppose w - 96 = -3*w. Suppose -33*b + 31*b = -208. Calculate the remainder when b is divided by w.
8
Let w = -607 + 791. Let d = w + -174. What is the remainder when 15 is divided by d?
5
Let a(f) = -f**2 + 57*f + 1295. Calculate the remainder when 50 is divided by a(74).
13
Let j(n) = -12*n + 213. What is the remainder when 201 is divided by j(12)?
63
Suppose -2*z - d = 4*d + 35, -3*d - 19 = z. Calculate the remainder when 148 is divided by (-155)/z*1/(3/6).
24
Suppose 15*k = -23*k + 4*k + 29308. What is the remainder when k is divided by 97?
86
Suppose -2987 - 2305 = -98*l. Calculate the remainder when 726 is divided by l.
24
Suppose -4*h = 4*w - 9272, -19*h = -5*w - 21*h + 11584. Calculate the remainder when w is divided by 12.
0
Let t(s) = -s**3 + 8*s**2 + 4*s - 15. Suppose 4*o - 32 = -6*k + 2*k, -3*k = 2*o - 17. Calculate the remainder when t(o) is divided by 8.
6
Suppose 4*y - 933 = -209. Suppose -6*v - 5*m = -201, -2*v + 58 = -5*m + 11. What is the remainder when y is divided by v?
26
Suppose 0 = -3*g - 120404 + 120818. What is the remainder when 5237 is divided by g?
131
Suppose -1150 = 59*r + 443. Calculate the remainder when 2*2/4*31 is divided by (4/6)/(6/r) - -11.
7
Let s(u) = 24*u - 213. Let b be s(9). Suppose -6*w - 64 = -8*w + 3*i, -w + b*i + 35 = 0. Calculate the remainder when 86 is divided by w.
28
Suppose 1073 = 3*h + 947 - 1188. Calculate the remainder 